lculate the greatest common divisor of 58 and 76553794.
58
Calculate the highest common divisor of 1419870 and 35910.
570
Calculate the greatest common divisor of 50871 and 845029.
31
What is the greatest common factor of 3419050 and 285?
95
Calculate the highest common factor of 60175 and 1271975.
2075
What is the highest common divisor of 7344 and 266764?
68
Calculate the highest common divisor of 396 and 6856652.
44
Calculate the greatest common divisor of 84998478 and 276.
138
What is the greatest common divisor of 13193714 and 6042?
2014
What is the highest common factor of 272 and 350166374?
34
Calculate the greatest common divisor of 21760059 and 13347.
4449
Calculate the highest common factor of 2825 and 69484830.
565
Calculate the greatest common divisor of 1501494 and 9006.
114
Calculate the highest common divisor of 2259038221 and 1034.
517
What is the highest common factor of 1480952 and 1672?
88
What is the highest common factor of 881648 and 1040?
16
Calculate the greatest common factor of 15503 and 27418522.
419
What is the greatest common factor of 58152282 and 12?
6
Calculate the greatest common divisor of 1651 and 11071255.
13
What is the greatest common divisor of 2527210 and 48442?
914
Calculate the highest common divisor of 137312 and 424196.
2452
Calculate the highest common factor of 13376382 and 17793.
1977
Calculate the greatest common divisor of 1890 and 6156135.
135
What is the greatest common divisor of 839307 and 2805?
51
What is the greatest common divisor of 5244 and 9445755?
1311
Calculate the highest common divisor of 36 and 162318372.
12
What is the highest common divisor of 279091418 and 4959?
551
What is the greatest common divisor of 577802445 and 4503?
4503
What is the greatest common divisor of 189174880 and 240?
80
Calculate the greatest common factor of 4059946 and 2046.
682
What is the highest common divisor of 26629 and 324229?
31
What is the highest common divisor of 24895 and 2761430?
1915
What is the highest common factor of 280062805 and 220?
55
Calculate the highest common factor of 783 and 994322304.
783
Calculate the greatest common factor of 238853082 and 3939.
3939
Calculate the highest common factor of 507027516 and 136.
68
Calculate the greatest common factor of 137 and 575303552.
137
What is the greatest common factor of 209671020 and 1404?
468
Calculate the highest common factor of 308649311 and 107.
107
What is the greatest common divisor of 3590497 and 478?
239
What is the highest common factor of 498 and 517167273?
249
Calculate the highest common divisor of 2677224 and 3102.
66
What is the greatest common factor of 47012 and 779859?
73
Calculate the highest common divisor of 4134264 and 42840.
408
Calculate the highest common factor of 4361 and 12070358.
89
Calculate the highest common divisor of 226931699 and 3103.
3103
What is the greatest common divisor of 3034 and 7622?
74
Calculate the highest common divisor of 11080 and 60160.
40
What is the greatest common divisor of 87488418 and 174?
174
Calculate the highest common divisor of 26 and 29673254.
26
What is the highest common factor of 174 and 3584622?
6
Calculate the greatest common factor of 6770 and 516860.
10
Calculate the highest common factor of 90 and 21057570.
90
Calculate the greatest common divisor of 131 and 18388339.
131
What is the highest common factor of 6066 and 318?
6
Calculate the greatest common divisor of 12933 and 3038297.
479
What is the highest common factor of 3996 and 1138749?
111
What is the highest common divisor of 1317 and 1327097?
439
What is the greatest common factor of 90918970 and 930?
310
What is the greatest common divisor of 455072548 and 3871?
553
Calculate the greatest common factor of 11792 and 5946384.
1072
Calculate the greatest common divisor of 1604 and 20734106.
802
Calculate the highest common factor of 81755128 and 27328.
3416
What is the greatest common divisor of 428201160 and 7704?
2568
What is the greatest common factor of 81160518 and 531?
177
What is the highest common divisor of 491 and 62563?
1
What is the highest common factor of 2093 and 32774287?
2093
What is the highest common factor of 574970 and 4730?
110
Calculate the greatest common divisor of 1535496 and 42744.
3288
What is the greatest common factor of 301 and 10405451?
7
Calculate the highest common divisor of 67616 and 232384.
32
What is the greatest common divisor of 13965 and 3515?
95
Calculate the highest common divisor of 28824678 and 54.
18
Calculate the highest common divisor of 10037925 and 900.
225
Calculate the greatest common divisor of 582114 and 857922.
1326
Calculate the highest common factor of 132376585 and 15.
5
What is the highest common divisor of 8102715 and 75?
15
Calculate the greatest common factor of 10094760 and 312.
312
What is the highest common divisor of 208710 and 15390?
270
Calculate the highest common factor of 1385849 and 745.
149
Calculate the highest common divisor of 9108 and 8477524.
1012
What is the highest common factor of 24020 and 205785345?
6005
Calculate the highest common factor of 325 and 184500775.
25
What is the highest common divisor of 51452187 and 18?
3
What is the highest common divisor of 7525 and 98574275?
1075
What is the highest common divisor of 240108 and 2235551?
1819
Calculate the highest common divisor of 19908 and 47290348.
2212
Calculate the greatest common factor of 10051 and 7492227.
529
What is the highest common factor of 77 and 75037688?
11
Calculate the greatest common factor of 831841974 and 116.
58
What is the highest common factor of 182305045 and 65?
65
Calculate the highest common divisor of 35 and 2282560.
35
What is the highest common divisor of 17605 and 18070275?
2515
Calculate the highest common factor of 36 and 758007.
9
What is the highest common divisor of 279 and 623267493?
93
What is the highest common divisor of 15795 and 2917755?
135
Calculate the highest common divisor of 8490 and 399576190.
2830
What is the greatest common factor of 158843123 and 669?
223
Calculate the greatest common divisor of 141056 and 125628.
2204
What is the highest common divisor of 19078201 and 667?
667
What is the highest common factor of 214 and 2011825342?
214
Calculate the highest common divisor of 2022 and 21954.
6
What is the highest common divisor of 65010 and 3270?
30
Calculate the greatest common divisor of 17434 and 131513.
379
Calculate the highest common divisor of 24882 and 10359.
3
Calculate the greatest common divisor of 252 and 15237621.
63
Calculate the greatest common divisor of 890345 and 1.
1
Calculate the highest common factor of 7844606 and 26334.
2926
Calculate the highest common factor of 9729759 and 897.
897
What is the highest common divisor of 17261178 and 66?
66
What is the highest common factor of 36995899 and 10082?
5041
What is the highest common factor of 1424832 and 239112?
984
What is the highest common divisor of 315 and 67018365?
45
What is the greatest common divisor of 582 and 264378?
6
What is the highest common divisor of 264 and 454286283?
33
What is the highest common factor of 339334448 and 2416?
2416
Calculate the greatest common factor of 2275 and 19675175.
325
Calculate the highest common divisor of 3702507 and 125035.
1471
What is the highest common factor of 29009106 and 28458?
306
What is the greatest common factor of 153 and 5959384?
17
Calculate the highest common factor of 2761 and 19738389.
2761
Calculate the highest common divisor of 561 and 1320271.
17
What is the greatest common divisor of 3220904394 and 1314?
1314
Calculate the greatest common factor of 146573 and 5915.
7
What is the highest common divisor of 251381 and 3787199?
4121
Calculate the greatest common factor of 532084 and 20956.
124
Calculate the greatest common divisor of 120 and 78671830.
10
What is the highest common factor of 141091 and 7799?
709
What is the highest common divisor of 1529320 and 4671?
173
Calculate the highest common divisor of 57850 and 35066.
178
What is the highest common factor of 3297545 and 208940?
1685
What is the greatest common factor of 5 and 85766495?
5
What is the highest common divisor of 206 and 23432294?
206
What is the greatest common divisor of 11344 and 55568?
16
What is the highest common divi